{"id":15,"date":"2020-10-26T10:52:16","date_gmt":"2020-10-26T10:52:16","guid":{"rendered":"https:\/\/instrutoresonlineccb.fun\/blog\/?page_id=15"},"modified":"2023-01-25T10:35:17","modified_gmt":"2023-01-25T12:35:17","slug":"bio-instrutores-online-ccb","status":"publish","type":"page","link":"https:\/\/instrutoresonlineccb.fun\/blog\/bio-instrutores-online-ccb\/","title":{"rendered":"BIO &#8211; Instrutores Online CCB"},"content":{"rendered":"\n<div class=\"wp-block-group\"><div class=\"wp-block-group__inner-container is-layout-flow wp-block-group-is-layout-flow\">\n<h1 class=\"wp-block-heading has-text-align-center has-white-color has-blue-background-color has-text-color has-background has-normal-font-size\">Siga-nos nas redes sociais! D\u00ea uma for\u00e7a ao nosso trabalho.<\/h1>\n\n\n\n<ul class=\"wp-block-social-links aligncenter has-visible-labels is-layout-flex wp-block-social-links-is-layout-flex\"><li class=\"wp-social-link wp-social-link-tiktok  wp-block-social-link\"><a rel=\"noopener nofollow\" target=\"_blank\" href=\"https:\/\/www.tiktok.com\/@sejamuitofeliz?lang=br\" class=\"wp-block-social-link-anchor\"><svg width=\"24\" height=\"24\" viewBox=\"0 0 32 32\" version=\"1.1\" xmlns=\"http:\/\/www.w3.org\/2000\/svg\" aria-hidden=\"true\" focusable=\"false\"><path d=\"M16.708 0.027c1.745-0.027 3.48-0.011 5.213-0.027 0.105 2.041 0.839 4.12 2.333 5.563 1.491 1.479 3.6 2.156 5.652 2.385v5.369c-1.923-0.063-3.855-0.463-5.6-1.291-0.76-0.344-1.468-0.787-2.161-1.24-0.009 3.896 0.016 7.787-0.025 11.667-0.104 1.864-0.719 3.719-1.803 5.255-1.744 2.557-4.771 4.224-7.88 4.276-1.907 0.109-3.812-0.411-5.437-1.369-2.693-1.588-4.588-4.495-4.864-7.615-0.032-0.667-0.043-1.333-0.016-1.984 0.24-2.537 1.495-4.964 3.443-6.615 2.208-1.923 5.301-2.839 8.197-2.297 0.027 1.975-0.052 3.948-0.052 5.923-1.323-0.428-2.869-0.308-4.025 0.495-0.844 0.547-1.485 1.385-1.819 2.333-0.276 0.676-0.197 1.427-0.181 2.145 0.317 2.188 2.421 4.027 4.667 3.828 1.489-0.016 2.916-0.88 3.692-2.145 0.251-0.443 0.532-0.896 0.547-1.417 0.131-2.385 0.079-4.76 0.095-7.145 0.011-5.375-0.016-10.735 0.025-16.093z\" \/><\/svg><span class=\"wp-block-social-link-label\">TikTok<\/span><\/a><\/li>\n\n<li class=\"wp-social-link wp-social-link-instagram  wp-block-social-link\"><a rel=\"noopener nofollow\" target=\"_blank\" href=\"https:\/\/www.instagram.com\/instrutor_da_musica\/\" class=\"wp-block-social-link-anchor\"><svg width=\"24\" height=\"24\" viewBox=\"0 0 24 24\" version=\"1.1\" xmlns=\"http:\/\/www.w3.org\/2000\/svg\" aria-hidden=\"true\" focusable=\"false\"><path d=\"M12,4.622c2.403,0,2.688,0.009,3.637,0.052c0.877,0.04,1.354,0.187,1.671,0.31c0.42,0.163,0.72,0.358,1.035,0.673 c0.315,0.315,0.51,0.615,0.673,1.035c0.123,0.317,0.27,0.794,0.31,1.671c0.043,0.949,0.052,1.234,0.052,3.637 s-0.009,2.688-0.052,3.637c-0.04,0.877-0.187,1.354-0.31,1.671c-0.163,0.42-0.358,0.72-0.673,1.035 c-0.315,0.315-0.615,0.51-1.035,0.673c-0.317,0.123-0.794,0.27-1.671,0.31c-0.949,0.043-1.233,0.052-3.637,0.052 s-2.688-0.009-3.637-0.052c-0.877-0.04-1.354-0.187-1.671-0.31c-0.42-0.163-0.72-0.358-1.035-0.673 c-0.315-0.315-0.51-0.615-0.673-1.035c-0.123-0.317-0.27-0.794-0.31-1.671C4.631,14.688,4.622,14.403,4.622,12 s0.009-2.688,0.052-3.637c0.04-0.877,0.187-1.354,0.31-1.671c0.163-0.42,0.358-0.72,0.673-1.035 c0.315-0.315,0.615-0.51,1.035-0.673c0.317-0.123,0.794-0.27,1.671-0.31C9.312,4.631,9.597,4.622,12,4.622 M12,3 C9.556,3,9.249,3.01,8.289,3.054C7.331,3.098,6.677,3.25,6.105,3.472C5.513,3.702,5.011,4.01,4.511,4.511 c-0.5,0.5-0.808,1.002-1.038,1.594C3.25,6.677,3.098,7.331,3.054,8.289C3.01,9.249,3,9.556,3,12c0,2.444,0.01,2.751,0.054,3.711 c0.044,0.958,0.196,1.612,0.418,2.185c0.23,0.592,0.538,1.094,1.038,1.594c0.5,0.5,1.002,0.808,1.594,1.038 c0.572,0.222,1.227,0.375,2.185,0.418C9.249,20.99,9.556,21,12,21s2.751-0.01,3.711-0.054c0.958-0.044,1.612-0.196,2.185-0.418 c0.592-0.23,1.094-0.538,1.594-1.038c0.5-0.5,0.808-1.002,1.038-1.594c0.222-0.572,0.375-1.227,0.418-2.185 C20.99,14.751,21,14.444,21,12s-0.01-2.751-0.054-3.711c-0.044-0.958-0.196-1.612-0.418-2.185c-0.23-0.592-0.538-1.094-1.038-1.594 c-0.5-0.5-1.002-0.808-1.594-1.038c-0.572-0.222-1.227-0.375-2.185-0.418C14.751,3.01,14.444,3,12,3L12,3z M12,7.378 c-2.552,0-4.622,2.069-4.622,4.622S9.448,16.622,12,16.622s4.622-2.069,4.622-4.622S14.552,7.378,12,7.378z M12,15 c-1.657,0-3-1.343-3-3s1.343-3,3-3s3,1.343,3,3S13.657,15,12,15z M16.804,6.116c-0.596,0-1.08,0.484-1.08,1.08 s0.484,1.08,1.08,1.08c0.596,0,1.08-0.484,1.08-1.08S17.401,6.116,16.804,6.116z\"><\/path><\/svg><span class=\"wp-block-social-link-label\">Instagram<\/span><\/a><\/li>\n\n<li class=\"wp-social-link wp-social-link-facebook  wp-block-social-link\"><a rel=\"noopener nofollow\" target=\"_blank\" href=\"https:\/\/www.facebook.com\/profile.php?id=61558837269460\" class=\"wp-block-social-link-anchor\"><svg width=\"24\" height=\"24\" viewBox=\"0 0 24 24\" version=\"1.1\" xmlns=\"http:\/\/www.w3.org\/2000\/svg\" aria-hidden=\"true\" focusable=\"false\"><path d=\"M12 2C6.5 2 2 6.5 2 12c0 5 3.7 9.1 8.4 9.9v-7H7.9V12h2.5V9.8c0-2.5 1.5-3.9 3.8-3.9 1.1 0 2.2.2 2.2.2v2.5h-1.3c-1.2 0-1.6.8-1.6 1.6V12h2.8l-.4 2.9h-2.3v7C18.3 21.1 22 17 22 12c0-5.5-4.5-10-10-10z\"><\/path><\/svg><span class=\"wp-block-social-link-label\">Facebook<\/span><\/a><\/li>\n\n<li class=\"wp-social-link wp-social-link-mail  wp-block-social-link\"><a rel=\"noopener nofollow\" target=\"_blank\" href=\"\" class=\"wp-block-social-link-anchor\"><svg width=\"24\" height=\"24\" viewBox=\"0 0 24 24\" version=\"1.1\" xmlns=\"http:\/\/www.w3.org\/2000\/svg\" aria-hidden=\"true\" focusable=\"false\"><path d=\"M19,5H5c-1.1,0-2,.9-2,2v10c0,1.1.9,2,2,2h14c1.1,0,2-.9,2-2V7c0-1.1-.9-2-2-2zm.5,12c0,.3-.2.5-.5.5H5c-.3,0-.5-.2-.5-.5V9.8l7.5,5.6,7.5-5.6V17zm0-9.1L12,13.6,4.5,7.9V7c0-.3.2-.5.5-.5h14c.3,0,.5.2.5.5v.9z\"><\/path><\/svg><span class=\"wp-block-social-link-label\">E-mail<\/span><\/a><\/li>\n\n<li class=\"wp-social-link wp-social-link-chain  wp-block-social-link\"><a rel=\"noopener nofollow\" target=\"_blank\" href=\"https:\/\/whatsapp.com\/channel\/0029VaDG1gUBadmj6TFqEK0h\" class=\"wp-block-social-link-anchor\"><svg width=\"24\" height=\"24\" viewBox=\"0 0 24 24\" version=\"1.1\" xmlns=\"http:\/\/www.w3.org\/2000\/svg\" aria-hidden=\"true\" focusable=\"false\"><path d=\"M15.6,7.2H14v1.5h1.6c2,0,3.7,1.7,3.7,3.7s-1.7,3.7-3.7,3.7H14v1.5h1.6c2.8,0,5.2-2.3,5.2-5.2,0-2.9-2.3-5.2-5.2-5.2zM4.7,12.4c0-2,1.7-3.7,3.7-3.7H10V7.2H8.4c-2.9,0-5.2,2.3-5.2,5.2,0,2.9,2.3,5.2,5.2,5.2H10v-1.5H8.4c-2,0-3.7-1.7-3.7-3.7zm4.6.9h5.3v-1.5H9.3v1.5z\"><\/path><\/svg><span class=\"wp-block-social-link-label\">Brindes Canal Whatsapp<\/span><\/a><\/li><\/ul>\n<\/div><\/div>\n\n\n<div class=\"conteudo1\">\n<p><img loading=\"lazy\" decoding=\"async\" class=\"aligncenter wp-image-16\" src=\"https:\/\/instrutoresonlineccb.fun\/blog\/wp-content\/uploads\/2020\/10\/2014-04-27-09.57.32-207x300.jpg\" alt=\"\" width=\"164\" height=\"234\" \/><\/p>\n<div style=\"text-align: justify;\"><strong>A Paz de Deus!<\/strong><\/div>\n<div style=\"text-align: justify;\">O prop\u00f3sito das minhas redes sociais \u00e9 o de compartilhar materiais did\u00e1ticos e experi\u00eancias com rela\u00e7\u00e3o ao ensino musical nas Igrejas.<\/div>\n<div style=\"text-align: justify;\">Ajude-nos compartilhando nossos links pois acreditamos que o aprendizado da m\u00fasica deve estar ao alcance de todos.<\/div>\n<div>\u00a0<\/div>\n<div style=\"text-align: justify;\">Deus aben\u00e7oe.<\/div>\n<\/div>\n<div>\u00a0<\/div>\n<div><a href=\"https:\/\/api.whatsapp.com\/send?phone=5514991924403&amp;text=Ol%C3%A1!%20gostaria%20de%20mais%20informa%C3%A7%C3%B5es%20sobre%20o%20blog.\" target=\"_blank\" rel=\"noopener\"><img loading=\"lazy\" decoding=\"async\" class=\"aligncenter wp-image-503 size-full\" src=\"https:\/\/instrutoresonlineccb.fun\/blog\/wp-content\/uploads\/2022\/02\/botaoFundo.png\" alt=\"\" width=\"300\" height=\"80\" \/><\/a><\/div>\n<div class=\"conteudo1\">\n<div>\u00a0<\/div>\n<\/div>","protected":false},"excerpt":{"rendered":"<p>A Paz de Deus! O prop\u00f3sito das minhas redes sociais \u00e9 o de compartilhar materiais did\u00e1ticos e experi\u00eancias com rela\u00e7\u00e3o ao ensino musical nas Igrejas. Ajude-nos compartilhando nossos links pois acreditamos que o aprendizado da m\u00fasica deve estar ao alcance &hellip; <a href=\"https:\/\/instrutoresonlineccb.fun\/blog\/bio-instrutores-online-ccb\/\">Continue lendo <span class=\"meta-nav\">&rarr;<\/span><\/a><\/p>\n","protected":false},"author":1,"featured_media":0,"parent":0,"menu_order":0,"comment_status":"closed","ping_status":"closed","template":"","meta":{"_uag_custom_page_level_css":"","footnotes":""},"class_list":["post-15","page","type-page","status-publish","hentry"],"yoast_head":"<!-- This site is optimized with the Yoast SEO plugin v27.0 - https:\/\/yoast.com\/product\/yoast-seo-wordpress\/ -->\n<title>BIO - Instrutores Online CCB - Instrutores Online<\/title>\n<meta name=\"robots\" content=\"index, follow, max-snippet:-1, max-image-preview:large, max-video-preview:-1\" \/>\n<link rel=\"canonical\" href=\"https:\/\/instrutoresonlineccb.fun\/blog\/bio-instrutores-online-ccb\/\" \/>\n<meta property=\"og:locale\" content=\"pt_BR\" \/>\n<meta property=\"og:type\" content=\"article\" \/>\n<meta property=\"og:title\" content=\"BIO - Instrutores Online CCB - Instrutores Online\" \/>\n<meta property=\"og:description\" content=\"A Paz de Deus! O prop\u00f3sito das minhas redes sociais \u00e9 o de compartilhar materiais did\u00e1ticos e experi\u00eancias com rela\u00e7\u00e3o ao ensino musical nas Igrejas. Ajude-nos compartilhando nossos links pois acreditamos que o aprendizado da m\u00fasica deve estar ao alcance &hellip; Continue lendo &rarr;\" \/>\n<meta property=\"og:url\" content=\"https:\/\/instrutoresonlineccb.fun\/blog\/bio-instrutores-online-ccb\/\" \/>\n<meta property=\"og:site_name\" content=\"Instrutores Online\" \/>\n<meta property=\"article:modified_time\" content=\"2023-01-25T12:35:17+00:00\" \/>\n<meta property=\"og:image\" content=\"https:\/\/instrutoresonlineccb.fun\/blog\/wp-content\/uploads\/2020\/10\/2014-04-27-09.57.32-207x300.jpg\" \/>\n<meta name=\"twitter:card\" content=\"summary_large_image\" \/>\n<meta name=\"twitter:label1\" content=\"Est. tempo de leitura\" \/>\n\t<meta name=\"twitter:data1\" content=\"1 minuto\" \/>\n<script type=\"application\/ld+json\" class=\"yoast-schema-graph\">{\"@context\":\"https:\/\/schema.org\",\"@graph\":[{\"@type\":\"WebPage\",\"@id\":\"https:\/\/instrutoresonlineccb.fun\/blog\/bio-instrutores-online-ccb\/\",\"url\":\"https:\/\/instrutoresonlineccb.fun\/blog\/bio-instrutores-online-ccb\/\",\"name\":\"BIO - Instrutores Online CCB - Instrutores Online\",\"isPartOf\":{\"@id\":\"https:\/\/instrutoresonlineccb.fun\/blog\/#website\"},\"primaryImageOfPage\":{\"@id\":\"https:\/\/instrutoresonlineccb.fun\/blog\/bio-instrutores-online-ccb\/#primaryimage\"},\"image\":{\"@id\":\"https:\/\/instrutoresonlineccb.fun\/blog\/bio-instrutores-online-ccb\/#primaryimage\"},\"thumbnailUrl\":\"https:\/\/instrutoresonlineccb.fun\/blog\/wp-content\/uploads\/2020\/10\/2014-04-27-09.57.32-207x300.jpg\",\"datePublished\":\"2020-10-26T10:52:16+00:00\",\"dateModified\":\"2023-01-25T12:35:17+00:00\",\"breadcrumb\":{\"@id\":\"https:\/\/instrutoresonlineccb.fun\/blog\/bio-instrutores-online-ccb\/#breadcrumb\"},\"inLanguage\":\"pt-BR\",\"potentialAction\":[{\"@type\":\"ReadAction\",\"target\":[\"https:\/\/instrutoresonlineccb.fun\/blog\/bio-instrutores-online-ccb\/\"]}]},{\"@type\":\"ImageObject\",\"inLanguage\":\"pt-BR\",\"@id\":\"https:\/\/instrutoresonlineccb.fun\/blog\/bio-instrutores-online-ccb\/#primaryimage\",\"url\":\"https:\/\/instrutoresonlineccb.fun\/blog\/wp-content\/uploads\/2020\/10\/2014-04-27-09.57.32.jpg\",\"contentUrl\":\"https:\/\/instrutoresonlineccb.fun\/blog\/wp-content\/uploads\/2020\/10\/2014-04-27-09.57.32.jpg\",\"width\":1028,\"height\":1487},{\"@type\":\"BreadcrumbList\",\"@id\":\"https:\/\/instrutoresonlineccb.fun\/blog\/bio-instrutores-online-ccb\/#breadcrumb\",\"itemListElement\":[{\"@type\":\"ListItem\",\"position\":1,\"name\":\"In\u00edcio\",\"item\":\"https:\/\/instrutoresonlineccb.fun\/blog\/\"},{\"@type\":\"ListItem\",\"position\":2,\"name\":\"BIO &#8211; Instrutores Online CCB\"}]},{\"@type\":\"WebSite\",\"@id\":\"https:\/\/instrutoresonlineccb.fun\/blog\/#website\",\"url\":\"https:\/\/instrutoresonlineccb.fun\/blog\/\",\"name\":\"InstrutoresOnlineCCB\",\"description\":\"Blog para quem ama ensinar e aprender M\u00fasica.\",\"publisher\":{\"@id\":\"https:\/\/instrutoresonlineccb.fun\/blog\/#\/schema\/person\/3f569f2d47b9b7258728e4e620e3487f\"},\"potentialAction\":[{\"@type\":\"SearchAction\",\"target\":{\"@type\":\"EntryPoint\",\"urlTemplate\":\"https:\/\/instrutoresonlineccb.fun\/blog\/?s={search_term_string}\"},\"query-input\":{\"@type\":\"PropertyValueSpecification\",\"valueRequired\":true,\"valueName\":\"search_term_string\"}}],\"inLanguage\":\"pt-BR\"},{\"@type\":[\"Person\",\"Organization\"],\"@id\":\"https:\/\/instrutoresonlineccb.fun\/blog\/#\/schema\/person\/3f569f2d47b9b7258728e4e620e3487f\",\"name\":\"newton\",\"image\":{\"@type\":\"ImageObject\",\"inLanguage\":\"pt-BR\",\"@id\":\"https:\/\/instrutoresonlineccb.fun\/blog\/#\/schema\/person\/image\/\",\"url\":\"https:\/\/instrutoresonlineccb.fun\/blog\/wp-content\/uploads\/2024\/10\/cropped-cropped-Logo-Instrutores-Online-1.png\",\"contentUrl\":\"https:\/\/instrutoresonlineccb.fun\/blog\/wp-content\/uploads\/2024\/10\/cropped-cropped-Logo-Instrutores-Online-1.png\",\"width\":341,\"height\":250,\"caption\":\"newton\"},\"logo\":{\"@id\":\"https:\/\/instrutoresonlineccb.fun\/blog\/#\/schema\/person\/image\/\"},\"sameAs\":[\"https:\/\/instrutoresonlineccb.fun\/blog\"]}]}<\/script>\n<!-- \/ Yoast SEO plugin. -->","yoast_head_json":{"title":"BIO - Instrutores Online CCB - Instrutores Online","robots":{"index":"index","follow":"follow","max-snippet":"max-snippet:-1","max-image-preview":"max-image-preview:large","max-video-preview":"max-video-preview:-1"},"canonical":"https:\/\/instrutoresonlineccb.fun\/blog\/bio-instrutores-online-ccb\/","og_locale":"pt_BR","og_type":"article","og_title":"BIO - Instrutores Online CCB - Instrutores Online","og_description":"A Paz de Deus! O prop\u00f3sito das minhas redes sociais \u00e9 o de compartilhar materiais did\u00e1ticos e experi\u00eancias com rela\u00e7\u00e3o ao ensino musical nas Igrejas. Ajude-nos compartilhando nossos links pois acreditamos que o aprendizado da m\u00fasica deve estar ao alcance &hellip; Continue lendo &rarr;","og_url":"https:\/\/instrutoresonlineccb.fun\/blog\/bio-instrutores-online-ccb\/","og_site_name":"Instrutores Online","article_modified_time":"2023-01-25T12:35:17+00:00","og_image":[{"url":"https:\/\/instrutoresonlineccb.fun\/blog\/wp-content\/uploads\/2020\/10\/2014-04-27-09.57.32-207x300.jpg","type":"","width":"","height":""}],"twitter_card":"summary_large_image","twitter_misc":{"Est. tempo de leitura":"1 minuto"},"schema":{"@context":"https:\/\/schema.org","@graph":[{"@type":"WebPage","@id":"https:\/\/instrutoresonlineccb.fun\/blog\/bio-instrutores-online-ccb\/","url":"https:\/\/instrutoresonlineccb.fun\/blog\/bio-instrutores-online-ccb\/","name":"BIO - Instrutores Online CCB - Instrutores Online","isPartOf":{"@id":"https:\/\/instrutoresonlineccb.fun\/blog\/#website"},"primaryImageOfPage":{"@id":"https:\/\/instrutoresonlineccb.fun\/blog\/bio-instrutores-online-ccb\/#primaryimage"},"image":{"@id":"https:\/\/instrutoresonlineccb.fun\/blog\/bio-instrutores-online-ccb\/#primaryimage"},"thumbnailUrl":"https:\/\/instrutoresonlineccb.fun\/blog\/wp-content\/uploads\/2020\/10\/2014-04-27-09.57.32-207x300.jpg","datePublished":"2020-10-26T10:52:16+00:00","dateModified":"2023-01-25T12:35:17+00:00","breadcrumb":{"@id":"https:\/\/instrutoresonlineccb.fun\/blog\/bio-instrutores-online-ccb\/#breadcrumb"},"inLanguage":"pt-BR","potentialAction":[{"@type":"ReadAction","target":["https:\/\/instrutoresonlineccb.fun\/blog\/bio-instrutores-online-ccb\/"]}]},{"@type":"ImageObject","inLanguage":"pt-BR","@id":"https:\/\/instrutoresonlineccb.fun\/blog\/bio-instrutores-online-ccb\/#primaryimage","url":"https:\/\/instrutoresonlineccb.fun\/blog\/wp-content\/uploads\/2020\/10\/2014-04-27-09.57.32.jpg","contentUrl":"https:\/\/instrutoresonlineccb.fun\/blog\/wp-content\/uploads\/2020\/10\/2014-04-27-09.57.32.jpg","width":1028,"height":1487},{"@type":"BreadcrumbList","@id":"https:\/\/instrutoresonlineccb.fun\/blog\/bio-instrutores-online-ccb\/#breadcrumb","itemListElement":[{"@type":"ListItem","position":1,"name":"In\u00edcio","item":"https:\/\/instrutoresonlineccb.fun\/blog\/"},{"@type":"ListItem","position":2,"name":"BIO &#8211; Instrutores Online CCB"}]},{"@type":"WebSite","@id":"https:\/\/instrutoresonlineccb.fun\/blog\/#website","url":"https:\/\/instrutoresonlineccb.fun\/blog\/","name":"InstrutoresOnlineCCB","description":"Blog para quem ama ensinar e aprender M\u00fasica.","publisher":{"@id":"https:\/\/instrutoresonlineccb.fun\/blog\/#\/schema\/person\/3f569f2d47b9b7258728e4e620e3487f"},"potentialAction":[{"@type":"SearchAction","target":{"@type":"EntryPoint","urlTemplate":"https:\/\/instrutoresonlineccb.fun\/blog\/?s={search_term_string}"},"query-input":{"@type":"PropertyValueSpecification","valueRequired":true,"valueName":"search_term_string"}}],"inLanguage":"pt-BR"},{"@type":["Person","Organization"],"@id":"https:\/\/instrutoresonlineccb.fun\/blog\/#\/schema\/person\/3f569f2d47b9b7258728e4e620e3487f","name":"newton","image":{"@type":"ImageObject","inLanguage":"pt-BR","@id":"https:\/\/instrutoresonlineccb.fun\/blog\/#\/schema\/person\/image\/","url":"https:\/\/instrutoresonlineccb.fun\/blog\/wp-content\/uploads\/2024\/10\/cropped-cropped-Logo-Instrutores-Online-1.png","contentUrl":"https:\/\/instrutoresonlineccb.fun\/blog\/wp-content\/uploads\/2024\/10\/cropped-cropped-Logo-Instrutores-Online-1.png","width":341,"height":250,"caption":"newton"},"logo":{"@id":"https:\/\/instrutoresonlineccb.fun\/blog\/#\/schema\/person\/image\/"},"sameAs":["https:\/\/instrutoresonlineccb.fun\/blog"]}]}},"uagb_featured_image_src":{"full":false,"thumbnail":false,"medium":false,"medium_large":false,"large":false,"1536x1536":false,"2048x2048":false,"post-thumbnail":false,"large-feature":false,"small-feature":false},"uagb_author_info":{"display_name":"newton","author_link":"https:\/\/instrutoresonlineccb.fun\/blog\/author\/newton\/"},"uagb_comment_info":0,"uagb_excerpt":"A Paz de Deus! O prop\u00f3sito das minhas redes sociais \u00e9 o de compartilhar materiais did\u00e1ticos e experi\u00eancias com rela\u00e7\u00e3o ao ensino musical nas Igrejas. Ajude-nos compartilhando nossos links pois acreditamos que o aprendizado da m\u00fasica deve estar ao alcance &hellip; Continue lendo &rarr;","amp_enabled":true,"_links":{"self":[{"href":"https:\/\/instrutoresonlineccb.fun\/blog\/wp-json\/wp\/v2\/pages\/15","targetHints":{"allow":["GET"]}}],"collection":[{"href":"https:\/\/instrutoresonlineccb.fun\/blog\/wp-json\/wp\/v2\/pages"}],"about":[{"href":"https:\/\/instrutoresonlineccb.fun\/blog\/wp-json\/wp\/v2\/types\/page"}],"author":[{"embeddable":true,"href":"https:\/\/instrutoresonlineccb.fun\/blog\/wp-json\/wp\/v2\/users\/1"}],"replies":[{"embeddable":true,"href":"https:\/\/instrutoresonlineccb.fun\/blog\/wp-json\/wp\/v2\/comments?post=15"}],"version-history":[{"count":20,"href":"https:\/\/instrutoresonlineccb.fun\/blog\/wp-json\/wp\/v2\/pages\/15\/revisions"}],"predecessor-version":[{"id":1096,"href":"https:\/\/instrutoresonlineccb.fun\/blog\/wp-json\/wp\/v2\/pages\/15\/revisions\/1096"}],"wp:attachment":[{"href":"https:\/\/instrutoresonlineccb.fun\/blog\/wp-json\/wp\/v2\/media?parent=15"}],"curies":[{"name":"wp","href":"https:\/\/api.w.org\/{rel}","templated":true}]}}